rime factors of 556.
2, 139
List the prime factors of 716.
2, 179
What are the prime factors of 519?
3, 173
What are the prime factors of 70902?
2, 3, 13, 101
List the prime factors of 454.
2, 227
List the prime factors of 10783.
41, 263
List the prime factors of 87552.
2, 3, 19
What are the prime factors of 4204?
2, 1051
What are the prime factors of 33219?
3, 3691
List the prime factors of 10768.
2, 673
What are the prime factors of 424?
2, 53
List the prime factors of 4822.
2, 2411
List the prime factors of 4908.
2, 3, 409
List the prime factors of 2539.
2539
What are the prime factors of 4183?
47, 89
What are the prime factors of 17260?
2, 5, 863
What are the prime factors of 995?
5, 199
What are the prime factors of 6810?
2, 3, 5, 227
What are the prime factors of 2354?
2, 11, 107
What are the prime factors of 386?
2, 193
What are the prime factors of 1147?
31, 37
What are the prime factors of 4200?
2, 3, 5, 7
What are the prime factors of 2098?
2, 1049
List the prime factors of 3451.
7, 17, 29
What are the prime factors of 13436?
2, 3359
What are the prime factors of 15363?
3, 569
What are the prime factors of 3002?
2, 19, 79
What are the prime factors of 30162?
2, 3, 11, 457
What are the prime factors of 1093?
1093
List the prime factors of 2216.
2, 277
List the prime factors of 1363.
29, 47
What are the prime factors of 30841?
30841
What are the prime factors of 8342?
2, 43, 97
List the prime factors of 3588.
2, 3, 13, 23
List the prime factors of 949.
13, 73
List the prime factors of 3134.
2, 1567
What are the prime factors of 179021?
179021
What are the prime factors of 249?
3, 83
List the prime factors of 19211.
19211
List the prime factors of 1895.
5, 379
List the prime factors of 738.
2, 3, 41
List the prime factors of 3223.
11, 293
List the prime factors of 2481.
3, 827
What are the prime factors of 10831?
10831
What are the prime factors of 27031?
27031
What are the prime factors of 9768?
2, 3, 11, 37
List the prime factors of 3179.
11, 17
What are the prime factors of 2249?
13, 173
What are the prime factors of 1409?
1409
List the prime factors of 4197.
3, 1399
List the prime factors of 139697.
139697
List the prime factors of 611.
13, 47
What are the prime factors of 920?
2, 5, 23
List the prime factors of 29799.
3, 7, 11, 43
List the prime factors of 68377.
101, 677
List the prime factors of 1091.
1091
List the prime factors of 39788.
2, 7, 29
List the prime factors of 5489.
11, 499
What are the prime factors of 459?
3, 17
What are the prime factors of 611?
13, 47
List the prime factors of 5075.
5, 7, 29
What are the prime factors of 41502?
2, 3, 6917
What are the prime factors of 7427?
7, 1061
List the prime factors of 1055.
5, 211
List the prime factors of 2051.
7, 293
List the prime factors of 3758.
2, 1879
What are the prime factors of 12998?
2, 67, 97
List the prime factors of 14736.
2, 3, 307
List the prime factors of 29502.
2, 3, 11, 149
List the prime factors of 513.
3, 19
What are the prime factors of 16715?
5, 3343
What are the prime factors of 487?
487
List the prime factors of 3696.
2, 3, 7, 11
What are the prime factors of 708?
2, 3, 59
What are the prime factors of 2900?
2, 5, 29
List the prime factors of 2019.
3, 673
List the prime factors of 40563.
3, 4507
What are the prime factors of 28757?
149, 193
List the prime factors of 22488.
2, 3, 937
What are the prime factors of 1419?
3, 11, 43
What are the prime factors of 101837?
101837
What are the prime factors of 4076?
2, 1019
List the prime factors of 5712.
2, 3, 7, 17
List the prime factors of 141341.
19, 43, 173
List the prime factors of 1780.
2, 5, 89
List the prime factors of 10.
2, 5
What are the prime factors of 672?
2, 3, 7
List the prime factors of 4298.
2, 7, 307
List the prime factors of 74458.
2, 59, 631
What are the prime factors of 980?
2, 5, 7
List the prime factors of 3724.
2, 7, 19
What are the prime factors of 33338?
2, 79, 211
List the prime factors of 3424.
2, 107
What are the prime factors of 102?
2, 3, 17
List the prime factors of 60825.
3, 5, 811
List the prime factors of 8015.
5, 7, 229
List the prime factors of 40759.
40759
What are the prime factors of 7993?
7993
What are the prime factors of 785?
5, 157
List the prime factors of 1374.
2, 3, 229
List the prime factors of 2769.
3, 13, 71
What are the prime factors of 5833?
19, 307
What are the prime factors of 387?
3, 43
What are the prime factors of 5864?
2, 733
List the prime factors of 1575.
3, 5, 7
What are the prime factors of 1695?
3, 5, 113
List the prime factors of 577.
577
What are the prime factors of 6344?
2, 13, 61
What are the prime factors of 71515?
5, 14303
What are the prime factors of 49874?
2, 11, 2267
What are the prime factors of 35006?
2, 23, 761
What are the prime factors of 534?
2, 3, 89
What are the prime factors of 37213?
11, 17, 199
What are the prime factors of 68?
2, 17
What are the prime factors of 138?
2, 3, 23
List the prime factors of 32.
2
What are the prime factors of 59948?
2, 7, 2141
What are the prime factors of 37329?
3, 23, 541
List the prime factors of 42278.
2, 21139
List the prime factors of 27339.
3, 13, 701
What are the prime factors of 19747?
7, 13, 31
What are the prime factors of 202?
2, 101
List the prime factors of 46009.
139, 331
List the prime factors of 1942.
2, 971
What are the prime factors of 1393?
7, 199
What are the prime factors of 33987?
3, 11329
List the prime factors of 7769.
17, 457
What are the prime factors of 35020?
2, 5, 17, 103
What are the prime factors of 77282?
2, 17, 2273
What are the prime factors of 9716?
2, 7, 347
List the prime factors of 94771.
94771
List the prime factors of 48743.
79, 617
List the prime factors of 948.
2, 3, 79
What are the prime factors of 881?
881
What are the prime factors of 6349?
7, 907
What are the prime factors of 100007?
97, 1031
What are the prime factors of 144187?
23, 6269
List the prime factors of 683.
683
List the prime factors of 5827.
5827
What are the prime factors of 11346?
2, 3, 31, 61
What are the prime factors of 149?
149
List the prime factors of 7355.
5, 1471
What are the prime factors of 3634?
2, 23, 79
What are the prime factors of 44196?
2, 3, 29, 127
List the prime factors of 1162.
2, 7, 83
List the prime factors of 6842.
2, 11, 311
List the prime factors of 27087.
3, 9029
List the prime factors of 82591.
82591
List the prime factors of 312.
2, 3, 13
What are the prime factors of 37649?
37649
List the prime factors of 20786.
2, 19, 547
What are the prime factors of 796?
2, 199
List the prime factors of 262.
2, 131
List the prime factors of 939.
3, 313
List the prime factors of 293.
293
What are the prime factors of 1449?
3, 7, 23
What are the prime factors of 1512?
2, 3, 7
What are the prime factors of 9036?
2, 3, 251
List the prime factors of 24955.
5, 7, 23, 31
What are the prime factors of 11081?
7, 1583
What are the prime factors of 5?
5
What are the prime factors of 1208?
2, 151
List the prime factors of 2310.
2, 3, 5, 7, 11
List the prime factors of 661.
661
List the prime factors of 2996.
2, 7, 107
List the prime factors of 4082.
2, 13, 157
What are the prime factors of 42?
2, 3, 7
List the prime factors of 72.
2, 3
List the prime factors of 76840.
2, 5, 17, 113
List the prime factors of 19850.
2, 5, 397
What are the prime factors of 1150?
2, 5, 23
List the prime factors of 3034.
2, 37, 41
What are the prime factors of 3020?
2, 5, 151
What are the prime factors of 200?
2, 5
What are the prime factors of 45641?
45641
List the prime factors of 573.
3, 191
List the prime factors of 2966.
2, 1483
List the prime factors of 2411.
2411
List the prime factors of 1470.
2, 3, 5, 7
What are the prime factors of 2269?
2269
List the prime factors of 21361.
41, 521
List the prime factors of 1720.
2, 5, 43
What are the prime factors of 508?
2, 127
What are the prime factors of 20728?
2, 2591
What are the prime factors of 42824?
2, 53, 101
What are the prime factors of 2976?
2, 3, 31
List the prime factors of 5558.
2, 7, 397
What are the prime factors of 99015?
3, 5, 7, 23, 41
What are the prime factors of 6435?
3, 5, 11, 13
What are the prime factors of 4879?
7, 17, 41
List the prime factors of 2431.
11, 13, 17
List the prime factors of 99655.
5, 19, 1049
List the prime 